{"id":1471,"date":"2019-05-01T11:37:50","date_gmt":"2019-05-01T11:37:50","guid":{"rendered":"http:\/\/victorthemes.com\/themes\/windfall\/?page_id=1096"},"modified":"2019-05-01T11:37:50","modified_gmt":"2019-05-01T11:37:50","slug":"estimation-calculator-2","status":"publish","type":"page","link":"https:\/\/electricien-78-services.fr\/?page_id=1471","title":{"rendered":"Estimation Calculator"},"content":{"rendered":"\t\t<div data-elementor-type=\"wp-post\" data-elementor-id=\"1471\" class=\"elementor elementor-1471\">\n\t\t\t\t\t\t\t\t\t<section class=\"elementor-section elementor-top-section elementor-element elementor-element-7605029 elementor-section-boxed elementor-section-height-default elementor-section-height-default\" data-id=\"7605029\" data-element_type=\"section\">\n\t\t\t\t\t\t<div class=\"elementor-container elementor-column-gap-default\">\n\t\t\t\t\t<div class=\"elementor-column elementor-col-100 elementor-top-column elementor-element elementor-element-de2d09d\" data-id=\"de2d09d\" data-element_type=\"column\">\n\t\t\t<div class=\"elementor-widget-wrap elementor-element-populated\">\n\t\t\t\t\t\t\t\t<div class=\"elementor-element elementor-element-12de5f7 elementor-widget elementor-widget-vt-windfall_contact_form\" data-id=\"12de5f7\" data-element_type=\"widget\" data-widget_type=\"vt-windfall_contact_form.default\">\n\t\t\t\t<div class=\"elementor-widget-container\">\n\t\t\t<div class=\" wndfal-contact-form wndfal-form wndfal-cntat-form\"><h3 class=\"appointment-title\">Get Your Estimation<\/h3>\n<div class=\"wpcf7 no-js\" id=\"wpcf7-f1080-o1\" lang=\"en-US\" dir=\"ltr\">\n<div class=\"screen-reader-response\"><p role=\"status\" aria-live=\"polite\" aria-atomic=\"true\"><\/p> <ul><\/ul><\/div>\n<form action=\"\/index.php?rest_route=%2Fwp%2Fv2%2Fpages%2F1471#wpcf7-f1080-o1\" method=\"post\" class=\"wpcf7-form init\" aria-label=\"Contact form\" novalidate=\"novalidate\" data-status=\"init\">\n<div style=\"display: none;\">\n<input type=\"hidden\" name=\"_wpcf7\" value=\"1080\" \/>\n<input type=\"hidden\" name=\"_wpcf7_version\" value=\"5.7.3\" \/>\n<input type=\"hidden\" name=\"_wpcf7_locale\" value=\"en_US\" \/>\n<input type=\"hidden\" name=\"_wpcf7_unit_tag\" value=\"wpcf7-f1080-o1\" \/>\n<input type=\"hidden\" name=\"_wpcf7_container_post\" value=\"0\" \/>\n<input type=\"hidden\" name=\"_wpcf7_posted_data_hash\" value=\"\" \/>\n<\/div>\n<div class=\"wndfal-esti-form\">\n\t<div class=\"estimation-item\">\n\t\t<div class=\"row\">\n\t\t\t<div class=\"col-md-4\">\n\t\t\t\t<div class=\"estimation-title\">\n\t\t\t\t\t<p>Superficie \u00e0 couvrir en m\u00b2\n\t\t\t\t\t<\/p>\n\t\t\t\t<\/div>\n\t\t\t\t<div class=\"square-slider\">\n\t\t\t\t\t<p><span class=\"wpcf7-form-control-wrap\" data-name=\"sqare-feet-range\"><input class=\"wpcf7-form-control wpcf7-range wpcf7-validates-as-required wpcf7-validates-as-number\" min=\"0\" max=\"3500\" step=\"1\" aria-required=\"true\" aria-invalid=\"false\" value=\"50\" type=\"range\" name=\"sqare-feet-range\" \/><\/span><span class=\"wpcf7-form-control-wrap\" data-name=\"square-value\"><input size=\"40\" class=\"wpcf7-form-control wpcf7-text\" aria-invalid=\"false\" value=\"50\" type=\"text\" name=\"square-value\" \/><\/span>\n\t\t\t\t\t<\/p>\n\t\t\t\t<\/div>\n\t\t\t<\/div>\n\t\t\t<div class=\"col-md-4\">\n\t\t\t\t<div class=\"estimation-title\">\n\t\t\t\t\t<p>Nombre d'\u00e9tages\n\t\t\t\t\t<\/p>\n\t\t\t\t<\/div>\n\t\t\t\t<p><span class=\"wpcf7-form-control-wrap\" data-name=\"number-floors\"><select class=\"wpcf7-form-control wpcf7-select\" aria-invalid=\"false\" name=\"number-floors\"><option value=\"\">&#8212;Please choose an option&#8212;<\/option><option value=\"1\">1<\/option><option value=\"2\">2<\/option><option value=\"3\">3<\/option><option value=\"4\">4<\/option><option value=\"5\">5<\/option><option value=\"6\">6<\/option><option value=\"7\">7<\/option><option value=\"8\">8<\/option><option value=\"9\">9<\/option><option value=\"10\">10<\/option><\/select><\/span>\n\t\t\t\t<\/p>\n\t\t\t<\/div>\n\t\t\t<div class=\"col-md-4\">\n\t\t\t\t<div class=\"estimation-title\">\n\t\t\t\t\t<p>Nombre de chambres\n\t\t\t\t\t<\/p>\n\t\t\t\t<\/div>\n\t\t\t\t<p><span class=\"wpcf7-form-control-wrap\" data-name=\"number-rooms\"><select class=\"wpcf7-form-control wpcf7-select\" aria-invalid=\"false\" name=\"number-rooms\"><option value=\"\">&#8212;Please choose an option&#8212;<\/option><option value=\"1\">1<\/option><option value=\"2\">2<\/option><option value=\"3\">3<\/option><option value=\"4\">4<\/option><option value=\"5\">5<\/option><option value=\"6\">6<\/option><option value=\"7\">7<\/option><option value=\"8\">8<\/option><option value=\"9\">9<\/option><option value=\"10\">10<\/option><\/select><\/span>\n\t\t\t\t<\/p>\n\t\t\t<\/div>\n\t\t<\/div>\n\t<\/div>\n\t<div class=\"estimation-item\">\n\t\t<div class=\"row\">\n\t\t\t<div class=\"col-md-6\">\n\t\t\t\t<div class=\"estimation-title\">\n\t\t\t\t\t<p>Type de b\u00e2timent\n\t\t\t\t\t<\/p>\n\t\t\t\t<\/div>\n\t\t\t\t<p><span class=\"wpcf7-form-control-wrap\" data-name=\"type-building\"><select class=\"wpcf7-form-control wpcf7-select\" aria-invalid=\"false\" name=\"type-building\"><option value=\"\">&#8212;Please choose an option&#8212;<\/option><option value=\"Commercial\">Commercial<\/option><option value=\"Industriel\">Industriel<\/option><option value=\"R\u00e9sidentielle\">R\u00e9sidentielle<\/option><\/select><\/span>\n\t\t\t\t<\/p>\n\t\t\t<\/div>\n\t\t\t<div class=\"col-md-6\">\n\t\t\t\t<div class=\"estimation-title\">\n\t\t\t\t\t<p>Type de travaux\n\t\t\t\t\t<\/p>\n\t\t\t\t<\/div>\n\t\t\t\t<p><span class=\"wpcf7-form-control-wrap\" data-name=\"choose-work\"><select class=\"wpcf7-form-control wpcf7-select\" aria-invalid=\"false\" name=\"choose-work\"><option value=\"\">&#8212;Please choose an option&#8212;<\/option><option value=\"Installation \u00c9lectrique\">Installation \u00c9lectrique<\/option><option value=\"R\u00e9novation \u00c9lectrique\">R\u00e9novation \u00c9lectrique<\/option><option value=\"Remise aux normes\">Remise aux normes<\/option><option value=\"Recherche de panne \u00e9lectrique\">Recherche de panne \u00e9lectrique<\/option><option value=\"Contr\u00f4le d&#039;installation \u00e9lectrique\">Contr\u00f4le d&#039;installation \u00e9lectrique<\/option><option value=\"Installation\">Installation<\/option><option value=\"Inspection &amp; Test\">Inspection &amp; Test<\/option><\/select><\/span>\n\t\t\t\t<\/p>\n\t\t\t<\/div>\n\t\t<\/div>\n\t<\/div>\n\t<div class=\"estimation-item service\">\n\t\t<div class=\"estimation-title\">\n\t\t\t<p>S\u00e9lectionnez le service requis\n\t\t\t<\/p>\n\t\t<\/div>\n\t\t<p><span class=\"wpcf7-form-control-wrap\" data-name=\"select-service\"><span class=\"wpcf7-form-control wpcf7-checkbox\"><span class=\"wpcf7-list-item first\"><label><input type=\"checkbox\" name=\"select-service[]\" value=\"Installation \u00e9lectrique\" tabindex=\"\" \/><span class=\"wpcf7-list-item-label\">Installation \u00e9lectrique<\/span><\/label><\/span><span class=\"wpcf7-list-item\"><label><input type=\"checkbox\" name=\"select-service[]\" value=\"Maintenance\" tabindex=\"\" \/><span class=\"wpcf7-list-item-label\">Maintenance<\/span><\/label><\/span><span class=\"wpcf7-list-item\"><label><input type=\"checkbox\" name=\"select-service[]\" value=\"Syst\u00e8me de s\u00e9curit\u00e9\" tabindex=\"\" \/><span class=\"wpcf7-list-item-label\">Syst\u00e8me de s\u00e9curit\u00e9<\/span><\/label><\/span><span class=\"wpcf7-list-item\"><label><input type=\"checkbox\" name=\"select-service[]\" value=\"Conception de l&#039;\u00e9clairage\" tabindex=\"\" \/><span class=\"wpcf7-list-item-label\">Conception de l&#039;\u00e9clairage<\/span><\/label><\/span><span class=\"wpcf7-list-item\"><label><input type=\"checkbox\" name=\"select-service[]\" value=\"Mises \u00e0 niveau des panneaux\" tabindex=\"\" \/><span class=\"wpcf7-list-item-label\">Mises \u00e0 niveau des panneaux<\/span><\/label><\/span><span class=\"wpcf7-list-item\"><label><input type=\"checkbox\" name=\"select-service[]\" value=\"R\u00e9paration CA\" tabindex=\"\" \/><span class=\"wpcf7-list-item-label\">R\u00e9paration CA<\/span><\/label><\/span><span class=\"wpcf7-list-item\"><label><input type=\"checkbox\" name=\"select-service[]\" value=\"\u00c9lectricit\u00e9 LED\" tabindex=\"\" \/><span class=\"wpcf7-list-item-label\">\u00c9lectricit\u00e9 LED<\/span><\/label><\/span><span class=\"wpcf7-list-item\"><label><input type=\"checkbox\" name=\"select-service[]\" value=\"Programme de s\u00e9curit\u00e9\" tabindex=\"\" \/><span class=\"wpcf7-list-item-label\">Programme de s\u00e9curit\u00e9<\/span><\/label><\/span><span class=\"wpcf7-list-item\"><label><input type=\"checkbox\" name=\"select-service[]\" value=\"Syst\u00e8me solaire\" tabindex=\"\" \/><span class=\"wpcf7-list-item-label\">Syst\u00e8me solaire<\/span><\/label><\/span><span class=\"wpcf7-list-item\"><label><input type=\"checkbox\" name=\"select-service[]\" value=\"Raccord de tuyauterie\" tabindex=\"\" \/><span class=\"wpcf7-list-item-label\">Raccord de tuyauterie<\/span><\/label><\/span><span class=\"wpcf7-list-item\"><label><input type=\"checkbox\" name=\"select-service[]\" value=\"Mises \u00e0 niveau du c\u00e2blage\" tabindex=\"\" \/><span class=\"wpcf7-list-item-label\">Mises \u00e0 niveau du c\u00e2blage<\/span><\/label><\/span><span class=\"wpcf7-list-item last\"><label><input type=\"checkbox\" name=\"select-service[]\" value=\"Syst\u00e8mes de r\u00e9seau\" tabindex=\"\" \/><span class=\"wpcf7-list-item-label\">Syst\u00e8mes de r\u00e9seau<\/span><\/label><\/span><\/span><\/span>\n\t\t<\/p>\n\t<\/div>\n\t<div class=\"estimation-item last-item\">\n\t\t<div class=\"row\">\n\t\t\t<div class=\"col-md-12\">\n\t\t\t\t<div class=\"estimation-title\">\n\t\t\t\t\t<p>D\u00e9tails du contact\n\t\t\t\t\t<\/p>\n\t\t\t\t<\/div>\n\t\t\t\t<div class=\"row\">\n\t\t\t\t\t<div class=\"col-md-4\">\n\t\t\t\t\t\t<p><span class=\"wpcf7-form-control-wrap\" data-name=\"your-name\"><input size=\"40\" class=\"wpcf7-form-control wpcf7-text wpcf7-validates-as-required\" aria-required=\"true\" aria-invalid=\"false\" placeholder=\"Nom et Pr\u00e9nom\" value=\"\" type=\"text\" name=\"your-name\" \/><\/span>\n\t\t\t\t\t\t<\/p>\n\t\t\t\t\t<\/div>\n\t\t\t\t\t<div class=\"col-md-4\">\n\t\t\t\t\t\t<p><span class=\"wpcf7-form-control-wrap\" data-name=\"your-tel\"><input size=\"40\" class=\"wpcf7-form-control wpcf7-text wpcf7-tel wpcf7-validates-as-required wpcf7-validates-as-tel\" aria-required=\"true\" aria-invalid=\"false\" placeholder=\"Num\u00e9ro de t\u00e9l\u00e9phone\" value=\"\" type=\"tel\" name=\"your-tel\" \/><\/span>\n\t\t\t\t\t\t<\/p>\n\t\t\t\t\t<\/div>\n\t\t\t\t\t<div class=\"col-md-4\">\n\t\t\t\t\t\t<p><span class=\"wpcf7-form-control-wrap\" data-name=\"your-email\"><input size=\"40\" class=\"wpcf7-form-control wpcf7-text wpcf7-email wpcf7-validates-as-required wpcf7-validates-as-email\" aria-required=\"true\" aria-invalid=\"false\" placeholder=\"Email\" value=\"\" type=\"email\" name=\"your-email\" \/><\/span>\n\t\t\t\t\t\t<\/p>\n\t\t\t\t\t<\/div>\n\t\t\t\t\t<div class=\"col-md-12\">\n\t\t\t\t\t\t<p><span class=\"wpcf7-form-control-wrap\" data-name=\"your-details\"><textarea cols=\"40\" rows=\"10\" class=\"wpcf7-form-control wpcf7-textarea wpcf7-validates-as-required\" aria-required=\"true\" aria-invalid=\"false\" placeholder=\"Autre d\u00e9tails\" name=\"your-details\"><\/textarea><\/span>\n\t\t\t\t\t\t<\/p>\n\t\t\t\t\t<\/div>\n\t\t\t\t\t<div class=\"col-md-12\">\n\t\t\t\t\t\t<p><input class=\"wpcf7-form-control has-spinner wpcf7-submit button-primary\" type=\"submit\" value=\"Envoyer\" \/>\n\t\t\t\t\t\t<\/p>\n\t\t\t\t\t<\/div>\n\t\t\t\t<\/div>\n\t\t\t<\/div>\n\t\t<\/div>\n\t<\/div>\n<\/div><div class=\"wpcf7-response-output\" aria-hidden=\"true\"><\/div>\n<\/form>\n<\/div>\n<\/div>\t\t<\/div>\n\t\t\t\t<\/div>\n\t\t\t\t\t<\/div>\n\t\t<\/div>\n\t\t\t\t\t\t\t<\/div>\n\t\t<\/section>\n\t\t\t\t\t\t\t<\/div>\n\t\t","protected":false},"excerpt":{"rendered":"Get Your Estimation Area to be Renovated in Square Feet Number of Rooms Choose12345678910 Number of Store Choose12345678910 Type of Work ChooseConcrete FrameSteel Frame StructuresLight Gauge SteelWood Framed ConstructionPre Engineered ConstructionBearing Masonry Construction Choose Services ChooseCarpentryCarpetElectricalsVoltage MaintenanceElevatorHeavy Equipment EngineeringInsulationIron WorksPaintingPlumbing Select Service Needed DesignPlanningArchitect3D DesignConstructionGardeningParkingLED ElectricalsSafety ProgramSolar System Contact Details","protected":false},"author":1,"featured_media":0,"parent":0,"menu_order":0,"comment_status":"closed","ping_status":"closed","template":"","meta":{"_mi_skip_tracking":false,"_monsterinsights_sitenote_active":false,"_monsterinsights_sitenote_note":"","_monsterinsights_sitenote_category":0,"footnotes":""},"class_list":["post-1471","page","type-page","status-publish","hentry"],"aioseo_notices":[],"_links":{"self":[{"href":"https:\/\/electricien-78-services.fr\/index.php?rest_route=\/wp\/v2\/pages\/1471","targetHints":{"allow":["GET"]}}],"collection":[{"href":"https:\/\/electricien-78-services.fr\/index.php?rest_route=\/wp\/v2\/pages"}],"about":[{"href":"https:\/\/electricien-78-services.fr\/index.php?rest_route=\/wp\/v2\/types\/page"}],"author":[{"embeddable":true,"href":"https:\/\/electricien-78-services.fr\/index.php?rest_route=\/wp\/v2\/users\/1"}],"replies":[{"embeddable":true,"href":"https:\/\/electricien-78-services.fr\/index.php?rest_route=%2Fwp%2Fv2%2Fcomments&post=1471"}],"version-history":[{"count":0,"href":"https:\/\/electricien-78-services.fr\/index.php?rest_route=\/wp\/v2\/pages\/1471\/revisions"}],"wp:attachment":[{"href":"https:\/\/electricien-78-services.fr\/index.php?rest_route=%2Fwp%2Fv2%2Fmedia&parent=1471"}],"curies":[{"name":"wp","href":"https:\/\/api.w.org\/{rel}","templated":true}]}}